0011011011011111101 (base 2) to base 5.
244122312
2218484 (base 10) to base 14
41a6b2
What is 167297 (base 11) in base 14?
6a32a
1101000110111 (base 2) to base 15
1ec6
Convert -187b4cb (base 13) to base 7.
-125121006
-1118428 (base 9) to base 4
-2103101201
What is 1000000011101010110 (base 2) in base 11?
170400
Convert -23401142 (base 5) to base 11.
-13814a
-1daa0 (base 15) to base 10
-96900
Convert -36382 (base 9) to base 15.
-734e
-37085686 (base 9) to base 8
-105111573
-706c (base 14) to base 16
-4b68
100100111011001110 (base 2) to base 16
24ece
Convert 3144034 (base 5) to base 15.
10a99
-103689 (base 11) to base 7
-1260402
Convert -8133563 (base 9) to base 12.
-154b579
Convert -501670 (base 8) to base 5.
-20233132
-70ac9 (base 13) to base 3
-101020210102
Convert -133120 (base 9) to base 7.
-455130
What is 242c98 (base 15) in base 11?
a82454
Convert 14651602 (base 8) to base 16.
335382
1213012030 (base 4) to base 11
2692a5
What is -1325413 (base 6) in base 5?
-4330214
What is 302511 (base 7) in base 14?
14a08
What is 5d92b1 (base 16) in base 3?
102112120001222
What is 13412234 (base 6) in base 5?
103442310
What is 108e7 (base 15) in base 11?
36607
10110202121112 (base 3) to base 6
103320105
5998 (base 16) to base 6
254104
360657 (base 9) to base 8
647733
What is -5831508 (base 9) in base 10?
-3150422
169971 (base 10) to base 2
101001011111110011
What is -245043125 (base 7) in base 9?
-32015885
What is -101400350 (base 7) in base 5?
-3010343420
Convert -3a6d98 (base 16) to base 12.
-1347b34
167 (base 8) to base 7
230
Convert 1222110221221 (base 3) to base 11.
659962
What is -4318a (base 11) in base 2?
-1111010100111000
What is -6760521 (base 10) in base 6?
-400522413
Convert a7bb0 (base 12) to base 4.
311333310
13971a (base 16) to base 6
43303454
Convert 12ca4 (base 16) to base 4.
102302210
Convert -102599 (base 13) to base 6.
-12023442
What is -91056 (base 10) in base 16?
-163b0
What is -330121330 (base 4) in base 11?
-159988
-1001000011010111101 (base 2) to base 7
-2343555
110110111000010001 (base 2) to base 6
4452401
What is -425601 (base 8) in base 5?
-14022314
Convert -123012023 (base 4) to base 15.
-22d42
What is -898894 (base 13) in base 11?
-1918111
Convert -1477892 (base 13) to base 6.
-351533422
Convert 104660 (base 10) to base 5.
11322120
What is 96717 (base 10) in base 11?
66735
What is 200031223 (base 5) in base 13?
2156cb
-1022123433 (base 5) to base 2
-1000001011110011010101
What is 7a468 (base 12) in base 11?
101592
32077 (base 10) to base 8
76515
Convert 10533000 (base 6) to base 11.
200a37
99ac6 (base 13) to base 9
464237
10101001111110011 (base 2) to base 5
10241102
Convert 142927 (base 10) to base 8.
427117
What is -2bde43 (base 16) in base 5?
-1213444242
1324330041 (base 5) to base 14
634965
1285593 (base 10) to base 5
312114333
-230215 (base 6) to base 15
-5bb8
Convert -12011200111000 (base 3) to base 5.
-1200440120
-12340432 (base 5) to base 7
-1013561
What is -3b225b (base 16) in base 15?
-518414
43706 (base 8) to base 14
69a6
Convert -101110010101001000100011 (base 2) to base 10.
-12145187
What is -111001001 (base 2) in base 16?
-1c9
What is 25042565 (base 7) in base 10?
2245913
1111001001110011000 (base 2) to base 7
4135425
What is 13021404 (base 5) in base 7?
1034513
What is 142413233 (base 5) in base 7?
6233410
-100200454 (base 6) to base 8
-6357162
What is -397398 (base 11) in base 7?
-5211211
What is 261404 (base 10) in base 8?
776434
Convert 110244141 (base 5) to base 6.
14125102
What is -3e8b4 (base 15) in base 12?
-9845a
456455 (base 12) to base 16
10f001
Convert 3150385 (base 10) to base 14.
5c0157
Convert 7c462 (base 16) to base 7.
4220020
154b87 (base 13) to base 2
10000000001000111000
344020 (base 6) to base 12
15010
What is -140b4 (base 15) in base 5?
-4024134
Convert 11154051 (base 10) to base 15.
ea4d86
Convert 1a2c53 (base 16) to base 12.
6a8783
What is -2475559 (base 11) in base 12?
-1532929
2b705 (base 15) to base 16
222b3
Convert -525215 (base 8) to base 14.
-4796d
Convert 311020042 (base 5) to base 11.
795925
-202121032213 (base 4) to base 13
-1b38b63
Convert -722667 (base 8) to base 14.
-63179
What is 230105 (base 9) in base 6?
2542135
-161385 (base 14) to base 12
-312761
1311232011 (base 4) to base 14
c7a17
What is 22200113310 (base 4) in base 13?
75570c
What is 9831ad (base 14) in base 3?
100200222011000
-313382 (base 9) to base 10
-186212
What is 11100110012100 (base 3) in base 6?
121314443
What is 596a4 (base 12) in base 13?
42949
Convert -2122476 (base 9) to base 7.
-12443406
-307b0a (base 13) to base 8
-4241167
1a02b9 (base 15) to base 5
311004444
Convert -2f4c0d (base 16) to base 15.
-413641
Convert 23a570 (base 13) to base 5.
204214200
Convert -10120210102 (base 3) to base 2.
-10001001110100010
Convert -1712c1 (base 16) to base 7.
-15565353
1120440213 (base 5) to base 9
4653008
What is 6aa42 (base 14) in base 11?
168342
What is 101201111110121 (base 3) in base 12?
1aa96a4
What is -42201452 (base 6) in base 16?
-12c0c8
494857 (base 15) to base 7
41551612
What is -806286 (base 10) in base 5?
-201300121
Convert -2dd2a (base 14) to base 10.
-115090
What is -17622 (base 14) in base 13?
-20a15
31326254 (base 7) to base 2
1010000101111011000000
1220200121020 (base 3) to base 5
230024033
15536727 (base 8) to base 9
6667158
What is 10a946 (base 13) in base 4?
1200121122
Convert 1001010010110011110 (base 2) to base 16.
4a59e
What is -bc682 (base 16) in base 9?
-1405530
-622d89 (base 14) to base 9
-6207105
11a0209 (base 12) to base 9
6426160
23984 (base 11) to base 8
103230
Convert -8e7b64 (base 16) to base 14.
-1350d48
Convert 9e92a7 (base 16) to base 12.
3592033
What is -176154 (base 8) in base 4?
-33301230
Convert 4e8665 (base 15) to base 13.
a22162
Convert 3d4cd (base 16) to base 15.
4e5e0
What is 84629 (base 14) in base 13?
b2583
-22332023 (base 5) to base 4
-300211211
22901 (base 12) to base 7
251524
Convert 187436 (base 9) to base 3.
12221111020
Convert -227900b (base 12) to base 11.
-3819529
What is 1100100110011101001 (base 2) in base 14?
aa693
-30a9a4 (base 11) to base 15
-9c6cb
-25e5f1 (base 16) to base 8
-11362761
26058755 (base 9) to base 14
19b0698
Convert 10320102 (base 5) to base 9.
144701
Convert 1032102332 (base 4) to base 13.
b2c85
What is -253023 (base 11) in base 6?
-12320421
Convert -100111100000100110100 (base 2) to base 15.
-1a88e9
What is 46ad6 (base 14) in base 10?
172276
What is 3462 (base 7) in base 15?
599
2145136 (base 14) to base 7
250665466
Convert -101310222231 (base 4) to base 12.
-1693979
What is -256a75 (base 11) in base 5?
-100421320
80071 (base 10) to base 12
3a407
Convert 121230312 (base 4) to base 9.
170356
-13023003012 (base 4) to base 10
-1880262
-74041 (base 8) to base 10
-30753
What is 1c233 (base 14) in base 11?
49a26
What is 17649353 (base 10) in base 2?
1000011010100111011001001
-111110101011111111010 (base 2) to base 9
-3770665
What is 444333 (base 8) in base 11?
a2542
4310414012 (base 5) to base 9
18063101
What is 79253 (base 10) in base 14?
20c4d
-20132033 (base 5) to base 3
-22012120011
What is 25a94c3 (base 13) in base 2?
101101000100110101101101
Convert 221041520 (base 6) to base 3.
21110202200010
Convert 32013113 (base 4) to base 7.
330362
Convert -13711154 (base 8) to base 5.
-1244231201
What is 5e08c0 (base 15) in base 3?
22111000021100
Convert abb92 (base 16) to base 8.
2535622
What is 3230435 (base 7) in base 15?
7bb0b
What is -206055 (base 8) in base 15?
-1551d
Convert 18eae6 (base 16) to base 5.
404223443
What is 543335 (base 7) in base 12?
46a75
Convert 1a1a45 (base 15) to base 16.
136613
What is -562c92 (base 14) in base 2?
-1011001010101111100000
What is -c756ba (base 14) in base 16?
-66cfc4
What is 33a0b (base 13) in base 8?
267427
cea15 (base 16) to base 9
1528876
What is -34004340 (base 5) in base 15?
-5d215
What is 70782 (base 9) in base 16?
b5e8
What is 240440 (base 11) in base 2?
1011101000100001010
What is -21513531 (base 6) in base 3?
-1012220021101
Convert 82e68 (base 16) to base 11.
336916
Convert -125641 (base 11) to base 10.
-197759
150b23 (base 12) to base 2
1010110011101001011
-1222120100 (base 3) to base 2
-1001100010001011
-1c6755 (base 13) to base 11
-458337
Convert 11110000010000111010 (base 2) to base 9.
1758858
W